{"id":30531,"date":"2018-06-14T18:16:57","date_gmt":"2018-06-14T18:16:57","guid":{"rendered":"https:\/\/jerry.hr\/?page_id=30531"},"modified":"2018-06-14T18:20:53","modified_gmt":"2018-06-14T18:20:53","slug":"zastita-privatnosti","status":"publish","type":"page","link":"https:\/\/jerry.hr\/?page_id=30531","title":{"rendered":"Za\u0161tita privatnosti"},"content":{"rendered":"<h3>IZJAVA O ZA\u0160TITI OSOBNIH PODATAKA<\/h3>\n<p>Prigodom kori\u0161tenja ove internet stranice, JERRY j.d.o.o.mo\u017ee pohraniti odre\u0111ene informacije putem kola\u010di\u0107a (&#8221;cookie&#8221;) na ra\u010dunalo korisnika i time omogu\u0107ava Internet stranici da Vam prika\u017ee informacije koje su prilago\u0111ene Va\u0161im potrebama. Ovaj dokument pru\u017ea detaljne informacije o uporabi kola\u010di\u0107a i sli\u010dnih tehnologija, metodama upravljanja kola\u010di\u0107ima te kako se koriste unutar<span class=\"Apple-converted-space\">\u00a0 <\/span>internet stranica www.jerry.hr<\/p>\n<h3>\u0160to je to kola\u010di\u0107 (cookie)?<\/h3>\n<p>Kola\u010di\u0107 (cookie)\u00a0je mala broj\u010dano-slov\u010dana datoteka koja se sprema na korisni\u010dko ra\u010dunalo u trenutku kad pristupite odre\u0111enim internet stranicama. Kola\u010di\u0107i omogu\u0107avaju internet stranici prepoznavanje interesa korisnika prema onome \u0161to je korisnik prilikom povratka na stranicu odabirao. Kola\u010di\u0107 sam po sebi ne sadr\u017ei niti ne prikuplja podatke. Me\u0111utim, kad ga poslu\u017eitelj pripremi u kombinaciji s internet preglednikom, on mo\u017ee pomo\u0107i internet stranici da isporu\u010di korisniku prilago\u0111eniju uslugu \u2013 primjerice, pam\u0107enjem prethodnih kupovina ili pojedinosti o ra\u010dunu. Kola\u010di\u0107i se nalaze u memoriji Va\u0161eg preglednika i svaki obi\u010dno sadr\u017ei podatke kao \u0161to su npr. naziv poslu\u017eitelja s kojeg je kola\u010di\u0107 poslan, vijek trajanja kola\u010di\u0107a i vrijednost (obi\u010dno slu\u010dajno generiran jedinstveni broj).<\/p>\n<h3>Kako mo\u017eete onemogu\u0107iti kola\u010di\u0107e?<\/h3>\n<p>Ukoliko to \u017eelite, mo\u017eete onemogu\u0107iti spremanje kola\u010di\u0107a na Va\u0161e ra\u010dunalo, no blokiranje svih kola\u010di\u0107a moglo bi imati negativan u\u010dinak na kori\u0161tenje mnogih internet stranica, pa tako i stranica www.jerry.hr. Postavke kola\u010di\u0107a mogu se kontrolirati i konfigurirati u Va\u0161em internet pregledniku. \u017delite li izbrisati ili onemogu\u0107iti kola\u010di\u0107e na svojem ra\u010dunalu potrebno je a\u017eurirati postavke svojeg internet preglednika (informacije o na\u010dinu brisanja i onemogu\u0107avanja kola\u010di\u0107a potra\u017eite na svojem internet pregledniku odabirom izbornika za pomo\u0107).<\/p>\n<h3><b>Politika privatnosti na internetu<\/b><\/h3>\n<p>Politikom privatnosti na internetu JERRY j.d.o.o \u0161titi privatnost svojih kupaca i iskazuje brigu za njihove osobne podatke tragom Op\u0107e EU uredbe o za\u0161titi podatka 2016\/679\/EZ (u daljnjem tekstu: Uredba) i Zakona o provo\u0111enju Op\u0107e uredbe o za\u0161titi podataka NN 42\/2018. Politikom privatnosti na internetu JERRY j.d.o.o<span class=\"Apple-converted-space\">\u00a0\u00a0<\/span>transparentno i javno objavljuje na\u010dine na koje obrade osobnih podataka provodi isklju\u010divo prema na\u010delima Uredbe.<\/p>\n<h3>Izjava o privatnosti i sigurnosti podataka<\/h3>\n<p>Ova Izjava o privatnosti odnosi se na povjerljivost osobnih podataka koji su prikupljeni u procesu kori\u0161tenja Internet stranice www.jerry.hr, odnosno u procesu prijave Korisnika i\/ili primatelja obavijesti o novostima i akcijama iz www.jerry.hr (prijava za primanje newslettera). JERRY j.d.o.o\u00a0kao pru\u017eatelj usluga Internetske stranice www.jerry.hr pridr\u017eava se va\u017ee\u0107ih propisa sa ciljem za\u0161tite privatnosti svojih Korisnika, a posebice Op\u0107e uredbe o za\u0161titi osobnih podataka EU. Svi djelatnici JERRY j.d.o.o<span class=\"Apple-converted-space\">\u00a0<\/span>odgovorni su za po\u0161tivanje na\u010dela za\u0161tite podataka.<span class=\"Apple-converted-space\">\u00a0<\/span><\/p>\n<p><b>Osobni podaci:<\/b><\/p>\n<p>Prema Uredbi, osobni podaci su\u00a0svi podaci koji se odnose na pojedinca \u010diji je identitet utvr\u0111en ili se mo\u017ee utvrditi (\u201eispitanik\u201d), a pojedinac ili ispitanik kako ga zove Uredba, \u010diji se identitet mo\u017ee utvrditi jest osoba koja se mo\u017ee identificirati izravno ili neizravno.<\/p>\n<p><b>Obrada:<\/b><\/p>\n<p>Prema Uredbi, obrada\u00a0zna\u010di \u2013 svaki postupak ili skup postupaka koji se obavljaju na osobnim podacima ili na skupovima osobnih podataka, bilo automatiziranim bilo neautomatiziranim sredstvima kao \u0161to su prikupljanje, bilje\u017eenje, organizacija, strukturiranje, pohrana, prilagodba ili izmjena, pronala\u017eenje, obavljanje uvida, uporaba, otkrivanje prijenosom, \u0161irenjem ili stavljanjem na raspolaganje na drugi na\u010din, uskla\u0111ivanje ili kombiniranje, ograni\u010davanje, brisanje ili uni\u0161tavanje.<\/p>\n<p><b>Prikupljanje podataka:<\/b><\/p>\n<p>JERRY j.d.o.o prikuplja isklju\u010divo osobne podatke koje Vi upisuje i dostavljate svojom voljom. Podaci se prikupljaju kroz dostupne web forme za primanje obavijesti (newslettera) ili kroz kontakt s na\u0161im zaposlenicima. Podatke prikupljamo u svrhu uspostavljanja kontakta te ostale posebno navedene svrhe temeljem Va\u0161e privole. Dio podataka prikupljamo automatski putem web kola\u010di\u0107a o \u010demu vi\u0161e mo\u017ee pro\u010ditati u odjeljku web kola\u010di\u0107i.<\/p>\n<p><b>Web kola\u010di\u0107i:<\/b><\/p>\n<p>Na na\u0161im stranicama koristimo web kola\u010di\u0107e koji predstavljaju informacije postavljene na osobno ra\u010dunalo ili mobilni ure\u0111aj u trenutku kada pregledavate internetsku stranicu.\u00a0Svrha im je \u00a0prilagoditi na\u0161u internetsku stranicu da Vam pru\u017ei najbolje iskustvo te da Vam poslu\u017ei kao u\u010dinkovit izvor potrebnih informacija.<\/p>\n<p><b>\u010cuvanje i za\u0161tita:<\/b><\/p>\n<p>Osobni podaci bit \u0107e pohranjeni i obra\u0111ivani sukladno Uredbi.<span class=\"Apple-converted-space\">\u00a0 JERRY j.d.o.o<\/span>\u00a0kontinuirano poduzima sve razumne tehni\u010dke i organizacijske mjere za o\u010duvanje sigurnosti Va\u0161ih podataka te isto tra\u017eimo i od svih vanjskih izvr\u0161itelja. Pristup Va\u0161im osobnim podacima je ograni\u010den kako bi se sprije\u010dio neovla\u0161teni pristup, izmjena ili zlouporaba.<\/p>\n<p><b>Va\u0161a prava:<\/b><\/p>\n<p>Mi Vam osiguravamo uvjete kako biste \u2013 odlu\u010divali o\u00a0obradi va\u0161ih osobnih podataka. Prije svega vam omogu\u0107ujemo slijede\u0107a prava:<\/p>\n<p><b> \u2022 Pravo na pristup podacima<\/b><\/p>\n<p>Imate pravo zatra\u017eiti potvrdu o\u00a0tome obra\u0111ujemo li va\u0161e podatke te ako da, dobiti pristup do tih podataka. U\u00a0slu\u010daju da obra\u0111ujemo ve\u0107u koli\u010dinu podataka koji se odnose na vas, mo\u017eemo od vas tra\u017eiti specifikaciju va\u0161eg zahtjeva za dostavom pojedinih konkretnih skupina podataka koje o\u00a0vama obra\u0111ujemo.<\/p>\n<p><b> \u2022 Pravo na ispravak<\/b><\/p>\n<p>U\u00a0slu\u010daju da uo\u010dite da o\u00a0vama obra\u0111ujemo neto\u010dne ili nepotpune podatke ili ih \u017eelite izmijeniti, imate pravo tra\u017eiti ispravak istih odnosno nadopunu nepotpunih osobnih podataka. Kako bismo osigurali da o\u00a0Vama uvijek obra\u0111ujemo samo to\u010dne osobne podatke potrebno je da nam bez odga\u0111anja javite sve njihove promjene.<\/p>\n<p><b> \u2022 Pravo na brisanje (\u201epravo na zaborav\u201d)<\/b><\/p>\n<p>Brisanje osobnih podataka mo\u017ee se tra\u017eiti primjerice ako ste povukli svoju\u00a0privolu za obradu va\u0161ih pojedinih podataka, kada se va\u0161i osobni podaci nezakonito obra\u0111uju ili kada va\u0161i podaci vi\u0161e nisu nu\u017eni u odnosu na svrhe za koje su prikupljeni ili na bilo koji na\u010din obra\u0111eni. Me\u0111utim, molimo vas da uva\u017eite da va\u0161e podatke ne\u0107emo mo\u0107i izbrisati ako su oni potrebni radi ispunjenja zakonskih obveza, ugovornih obveza i\u00a0drugih pravnih temelja iz Op\u0107e uredbe o\u00a0za\u0161titi podataka.<\/p>\n<p><b> \u2022 Pravo na ograni\u010denje obrade<\/b><\/p>\n<p>Imate pravo ishoditi ograni\u010denje obrade va\u0161ih osobnih podataka, koje se mo\u017ee tra\u017eiti primjerice ako ste podnijeli prigovor na obradu podataka, sumnjate u\u00a0to\u010dnost osobnih podataka koji se obra\u0111uju ili u zakonitost njihove obrade, no ne \u017eelite da se ti podaci izbri\u0161u, ili su vam jo\u0161 potrebni radi ostvarenja pravnih zahtjeva.<\/p>\n<p><b> \u2022 Pravo na prigovor<\/b><\/p>\n<p>U\u00a0svakom ste trenutku, s\u00a0obzirom na va\u0161u posebnu situaciju, ovla\u0161teni ulo\u017eiti prigovor na obradu osobnih podataka koji se odnose na vas, zbog \u010dega \u0107emo obradu istih ograni\u010diti. Tako\u0111er, navedene \u0107emo podatke izbrisati i prestati obra\u0111ivati, osim ako doka\u017eemo da za obradu postoje obrazlo\u017eeni i opravdani pravni temelji za zadr\u017eavanje istih. Osim toga, u\u00a0 bilo kojem trenutku imate pravo prigovoriti protiv obrade va\u0161ih osobnih podataka u\u00a0svrhu izravnog marketinga. Nakon podno\u0161enja prigovora Va\u0161i \u0107e se osobni podaci prestati obra\u0111ivati u\u00a0navedenu svrhu.<\/p>\n<p><b> \u2022 Pravo na pritu\u017ebu nadzornom tijelu<\/b><\/p>\n<p>Ako smatrate da je obrada Va\u0161ih osobnih podataka u\u00a0suprotnosti s\u00a0Op\u0107om uredbom o\u00a0za\u0161titi podataka, imate pravo podnijeti prigovor nadle\u017enom nadzornom tijelu. Za podru\u010dje Republike Hrvatske nadzorno je tijelo Agencija za za\u0161titu osobnih podataka, sa sjedi\u0161tem na adresi: Marti\u0107eva ulica 14, 10000 Zagreb, Hrvatska, web:\u00a0http:\/\/azop.hr\/, tel.: +385 1 4609 000.<\/p>\n<p><b> \u2022 Pravo na povla\u010denje privole<\/b><\/p>\n<p>Ako se obrada Va\u0161ih osobnih podataka temelji na privoli, imate je pravo u\u00a0bilo kojem trenutku povu\u0107i, bez ikakvih posljedica.<\/p>\n<p>Ispunjenje navedenih prava mo\u017eete zahtijevati:<\/p>\n<p>\u2013 Preporu\u010denim pismom<br \/>\n\u2013\u00a0Na e-mail adresu: info@jerry.hr<\/p>\n<p>Napomena\u00a0\u2013 pri postavljanju zahtjeva nu\u017ena je identifikacija podnositelja zahtjeva.<\/p>\n<p>\u2013\u00a0 \u0161aljete li nam zahtjev pismom ili e-mailom, molimo prilo\u017eite \u010ditljivu kopiju va\u017ee\u0107e osobne iskaznice, po potrebi i valjanu punomo\u0107<\/p>\n<p>Identifikacija je nu\u017ena zbog za\u0161tite Vas kao vlasnika svojih osobnih podataka.<\/p>\n<p><b>Izmjena<span class=\"Apple-converted-space\">\u00a0 <\/span>Izjave o privatnosti<\/b><\/p>\n<p>Ovu Izjavu o privatnosti, JERRY j.d.o.o\u00a0mo\u017ee izmijeniti u bilo kojem trenutku objavljivanjem izmijenjenog teksta Izjave o privatnosti na navedenoj Internet stranici. Zato Vas pozivamo<span class=\"Apple-converted-space\">\u00a0 <\/span>da povremeno pregledate ovu Izjavu o privatnosti na kojoj \u0107e biti ozna\u010dene nove izmjene, ako ih je u prethodnom periodu bilo. Ukoliko se Korisnik ne sla\u017ee s ovom Izjavom o privatnosti, upu\u0107ujemo Korisnika da napusti te ne pristupa i ne koristi Internetsku stranicu www.jerry.hr.\u00a0Izmjena izjave o privatnosti stupa na snagu odmah nakon objave na Internetskoj stranici www.jerry.hr.<\/p>\n<p>Nastavak uporabe Internetske stranice www.jerry.hr nakon stupanja na snagu izmjena, podrazumijeva da Korisnik potvr\u0111uje i prihva\u0107a izmijenjenu Izjavu o privatnosti.<\/p>\n<p><b>Kontakt:<\/b><\/p>\n<p>Za sva dodatna pitanja mo\u017eete nas kontaktirati po\u0161tom na adresu:<\/p>\n<p>JERRY j.d.o.o<\/p>\n<p>Fra Antuna Pisturi\u0107a 1,<\/p>\n<p>Ka\u0161tel Novi<\/p>\n<p>&nbsp;<\/p>\n","protected":false},"excerpt":{"rendered":"<p>IZJAVA O ZA\u0160TITI OSOBNIH PODATAKA Prigodom kori\u0161tenja ove internet stranice, JERRY j.d.o.o.mo\u017ee pohraniti odre\u0111ene informacije putem kola\u010di\u0107a (&#8221;cookie&#8221;) na ra\u010dunalo&#8230;<\/p>\n","protected":false},"author":1,"featured_media":0,"parent":0,"menu_order":0,"comment_status":"closed","ping_status":"closed","template":"","meta":[],"_links":{"self":[{"href":"https:\/\/jerry.hr\/index.php?rest_route=\/wp\/v2\/pages\/30531"}],"collection":[{"href":"https:\/\/jerry.hr\/index.php?rest_route=\/wp\/v2\/pages"}],"about":[{"href":"https:\/\/jerry.hr\/index.php?rest_route=\/wp\/v2\/types\/page"}],"author":[{"embeddable":true,"href":"https:\/\/jerry.hr\/index.php?rest_route=\/wp\/v2\/users\/1"}],"replies":[{"embeddable":true,"href":"https:\/\/jerry.hr\/index.php?rest_route=%2Fwp%2Fv2%2Fcomments&post=30531"}],"version-history":[{"count":4,"href":"https:\/\/jerry.hr\/index.php?rest_route=\/wp\/v2\/pages\/30531\/revisions"}],"predecessor-version":[{"id":30535,"href":"https:\/\/jerry.hr\/index.php?rest_route=\/wp\/v2\/pages\/30531\/revisions\/30535"}],"wp:attachment":[{"href":"https:\/\/jerry.hr\/index.php?rest_route=%2Fwp%2Fv2%2Fmedia&parent=30531"}],"curies":[{"name":"wp","href":"https:\/\/api.w.org\/{rel}","templated":true}]}}